t common divisor of n and u?
8
Let t be ((-8)/12*1)/((-8)/540). Calculate the greatest common factor of 9 and t.
9
Let j(n) = n**3 - n - 25. Let y be j(5). Calculate the greatest common factor of 19 and y.
19
Suppose 4*v - 21 = 15. What is the highest common divisor of v and 63?
9
Let h = -145 + 154. What is the highest common factor of 9 and h?
9
Let w(u) = -u**3 - 5*u**2 + 7*u + 6. Let z be w(-6). Let t be (-6)/(-3 - z)*3. What is the greatest common factor of 30 and t?
6
Let b(k) = 6*k + 2. Let t be b(3). Suppose -o + 6*o - t = 0. What is the greatest common factor of o and 12?
4
Suppose -5*z + 2*m + 35 = 11, -4*m + 36 = 4*z. Calculate the greatest common factor of z and 42.
6
Suppose -4 + 10 = 3*x. Suppose -4*q = -3*p - 198, q + x*p = -q + 92. Calculate the highest common factor of q and 6.
6
Let j be 12/(-3) + 37 + 2 + -1. Calculate the highest common divisor of j and 68.
34
Let q = 25 + -16. Suppose q*a - 4*a = o + 332, -5*a - 5*o = -320. Calculate the highest common factor of a and 44.
22
Let d(p) = -p + 6. Let y be d(-7). What is the highest common divisor of y and 1?
1
Let c(u) = -u + 1. Let h(t) = 4 - 3 - t**2 - 3*t + 2*t. Let o be h(-3). Let y be c(o). Calculate the greatest common factor of 3 and y.
3
Let i be (2/(-2))/(1 - 2). Let d(z) be the third derivative of -z**4/12 - 7*z**3/3 + 4*z**2. Let p be d(-11). What is the greatest common factor of i and p?
1
Let i(x) = 2*x**2 - 4*x - 2. Let z be i(-3). Suppose q = -5*a + z, -6*a + 22 = -2*a + q. What is the greatest common factor of a and 3?
3
Let j(u) be the second derivative of -u**5/20 - 7*u**4/12 - u**3/6 - u**2 + 3*u. Let r be j(-7). What is the highest common divisor of r and 5?
5
Let x = 297 + -39. Let z = 442 - x. What is the highest common divisor of z and 23?
23
Let c(t) = -7*t + 2. Let j be c(-1). Calculate the highest common divisor of j and 45.
9
Suppose 4*v - 70 = -v. Suppose -v = -5*n + 16. What is the greatest common factor of n and 6?
6
Suppose q - 5*v = 34, 2*q - q + v = 22. Calculate the greatest common factor of 60 and q.
12
Suppose 0 = -0*n - 8*n + 80. Let m(u) = -1 + 1 + 40*u. Let f be m(2). Calculate the highest common divisor of f and n.
10
Let d be 1*((1 - -15) + 1). Suppose m + 0*m - 3*b = 26, 3*m - 45 = -2*b. Calculate the greatest common divisor of d and m.
17
Suppose -27 + 30 = j. Suppose -j*w = 15 - 51. What is the highest common divisor of 120 and w?
12
Let o(m) = 13*m**2 + 5*m - 6. Let n be o(1). What is the highest common divisor of n and 180?
12
Suppose -5*m - 1229 = 3*j - 0*j, 3*m + 726 = 2*j. Let n be 2/16 + (-15195)/(-40). Let d = n + m. Calculate the highest common divisor of 17 and d.
17
Suppose 0 = 2*i + t - 6, -2*i - 6 = t - 6*t. Let l(f) = 0*f - f**i + 80 + f - 2*f + f**3. Let o be l(0). What is the greatest common factor of o and 16?
16
Let x(n) = 11*n - 22. Let t be x(9). What is the greatest common factor of t and 11?
11
Let a be 13 + (3 - 3 - 3). Suppose a = -5*r + 3*r, 4*q + 2*r + 26 = 0. Let s be q*((-9)/(-6) + -3). Calculate the greatest common divisor of 6 and s.
6
Suppose 80 + 80 = 5*c + 5*k, k + 58 = 2*c. What is the highest common divisor of c and 75?
15
Let p = -10 + 23. Suppose 5*q - y + 39 = -5*y, -3*y - 24 = 3*q. Let h = q + 33. Calculate the greatest common divisor of p and h.
13
Suppose 0 = 5*r - 20 - 5. Let u be r + 3 - (1 - 1). What is the greatest common divisor of 40 and u?
8
Let v be 4/(-10) - (-35)/25. What is the highest common divisor of 27 and v?
1
Let l(d) = -2*d**3 - 8*d**2 + 4*d + 12. Let m be l(-6). Suppose -11*o - m = -14*o. Suppose 0*j + 3*j - 12 = 0. Calculate the highest common divisor of j and o.
4
Let m(r) = -r**2 + 9*r + 2. Suppose -4*h - 14 = -6*h. Let o be m(h). Calculate the highest common divisor of 32 and o.
16
Suppose -5*t + 54 = -0*r + 3*r, -5*t + 36 = -3*r. Calculate the highest common divisor of t and 45.
9
Suppose 7*b - 8*b = -77. Calculate the highest common divisor of b and 7.
7
Let j(q) = 4*q + 1. Let o be j(-1). Let f be ((-35)/o)/((-3)/(-9)). What is the greatest common divisor of 7 and f?
7
Let v(d) = d**3 + d + 4 - 2 - d**2 + d**3 - 2*d. Let s be v(2). Let t(w) = 10*w - 2. Let u be t(2). Calculate the highest common divisor of u and s.
6
Let l(p) = 10*p + 5. Let b = -2 - -15. Let g be l(b). Calculate the highest common factor of 15 and g.
15
Suppose 0 = u - 0*u - 3. Suppose -3*w - u = -3*r + 21, -1 = r + 2*w. Let m be 30*(-3 + r + -1). What is the highest common divisor of m and 75?
15
Let d = -9 + 29. Calculate the highest common factor of 100 and d.
20
Let f = -23 + 13. Let l be ((-4)/f)/(1/10). Suppose -2*p + 48 = p. What is the greatest common divisor of l and p?
4
Suppose i - 33 = -4*k, -k + 0*k + i + 2 = 0. Calculate the greatest common divisor of 28 and k.
7
Let q = 133 - 79. Suppose 5 = m - 1. Calculate the highest common factor of m and q.
6
Let p = 19 - 17. What is the highest common factor of 8 and p?
2
Let v(k) be the second derivative of -k**4/12 - k**3 + 3*k. Let j be v(-5). What is the highest common divisor of j and 45?
5
Suppose -4*z + m + 260 = 0, z + 2*m + 0*m = 65. Calculate the greatest common factor of 13 and z.
13
Let k be 1425/(-33) - 2/(-11). Let l = 128 - k. What is the highest common factor of l and 19?
19
Suppose -3*i = -2*t - 17 + 2, -i - 6 = 3*t. What is the greatest common factor of 6 and i?
3
Let f be (-1)/(-3)*(-102)/(-2). Suppose -f = x - 3*x - u, -u + 6 = x. What is the greatest common divisor of 55 and x?
11
Suppose -2*w - 5*u = -68, -w + u + 56 = -2*u. Let t(l) = -5*l - 11. Let n be t(-3). Suppose w = n*a - 2*a. What is the highest common divisor of a and 11?
11
Let o(y) = y**2 - 6*y - 7. Suppose 5*k + 0*j = 2*j - 30, -3*k - 5*j = 18. Let f be o(k). Suppose f = 4*s + 1. Calculate the highest common divisor of 2 and s.
2
Suppose -5*d + 5 = -0. Suppose -4*j + 9 = d. What is the greatest common factor of j and 5?
1
Suppose 5 = -2*c + 9. Suppose c*h + 324 = 4*h. Calculate the highest common divisor of h and 18.
18
Suppose -x - 6*n = -3*n - 37, 0 = -5*x - 4*n + 130. Suppose -w = -3*b - 3*w + x, -4*w = -5*b. Calculate the highest common divisor of b and 4.
4
Let h = 186 - 15. What is the greatest common divisor of h and 9?
9
Suppose 5*z = 5*b - 185, b + 0 = 4*z + 28. What is the greatest common divisor of 5 and b?
5
Let b(g) = -g**2 - 12*g - 8. Let k = 14 - 20. Let o be b(k). Calculate the highest common factor of 4 and o.
4
Let p(b) = -b - 2. Let o be p(-4). Suppose o*l = 6*l. Suppose l*f + 3*f - 99 = 0. Calculate the greatest common divisor of 22 and f.
11
Let a be 0*(39/9 - 4). Suppose 4*j - 126 = -a*m - 2*m, m + 140 = 5*j. What is the highest common divisor of j and 58?
29
Suppose -a + 6*a = -75. Let d = a - -29. Suppose 819*x - 823*x = -56. Calculate the highest common divisor of d and x.
14
Suppose 5*d = 4*z + 68, -3*d - 5*z + 1 = -25. Let p be d/(-78) + (-5620)/(-26). What is the highest common factor of 27 and p?
27
Suppose q + 0*q = 27. Suppose -3 = 28*s - 29*s. What is the highest common factor of q and s?
3
Let i = 23 + -5. Suppose 3*n = 2*c - i, -5*n + 4*c - 29 = c. Let g(b) = b**2 - 6*b - 1. Let j be g(n). What is the greatest common factor of j and 26?
13
Let d = -40 - -42. What is the highest common factor of 22 and d?
2
Let b(n) = -n**2 + 9*n - 6. Let r be b(6). Let l be (-4)/((-15)/(-12)*18/(-45)). Calculate the greatest common divisor of r and l.
4
Suppose 2*b - 2*o = 20, 5*o - 6 = -2*b + 3*b. Calculate the greatest common factor of b and 28.
14
Let a(r) = 186*r + 1. Let x = 7 + -11. Let c be (2/x)/((-3)/6). Let d be a(c). Calculate the greatest common factor of 17 and d.
17
Suppose 4*i - 3 = 3*i. Suppose 4*r = -i*h - 0*r + 18, 0 = -4*h - r + 11. Suppose -40 = h*c - 7*c. Calculate the highest common factor of 20 and c.
4
Let z be (1/3)/(2/18). Let b be 2/2 - (6 - 8). What is the greatest common divisor of z and b?
3
Let k(h) = -h**3 - h**2 + 3*h - 3. Let s be k(-3). What is the greatest common divisor of 6 and s?
6
Let g(t) = -40*t. Let p be g(-1). Let f be 215*1/((-5)/2). Let j = f - -186. Calculate the highest common divisor of j and p.
20
Suppose h - 5*r - 208 = 0, 2*r - 586 = -3*h - 2*r. Let x = -23 - -34. Let o = x - -7. What is the highest common factor of h and o?
18
Let z be 2/(-5)*-35*1. Let g = -24 - -26. What is the greatest